p(-6). Suppose q = -0*n + 4*n - 20. What is the units digit of n?
5
Suppose 0 = -10*a + 674 - 184. Let r(v) = 4*v**2 - 1. Let j be r(-1). Suppose j*b = -c + 6*b + 37, -c + a = b. What is the tens digit of c?
4
Let y(u) = 155*u**3 - 2*u + 2*u**2 - 156*u**3 + 5 - 17*u**2 - u. What is the tens digit of y(-15)?
5
What is the tens digit of -1 + 256555/21 + (-52)/(-546)?
1
Let j = -3959 + 7571. Suppose -11718 = -10*f + j. What is the units digit of f?
3
Let i(f) = f**3 - 19*f**2 - 2*f + 42. Let l be i(19). What is the units digit of (2298/12)/((-14)/4 + l)?
3
Suppose 48*h + 22*h - 442470 = 0. What is the hundreds digit of h?
3
Let r(s) = -s**3 - 7*s**2 + 21*s + 30. Let y be r(-9). What is the thousands digit of ((-18)/12)/(y - 8289/2762)?
1
Suppose 3*a - 12 = -3*c, 2*a + 5 = 4*c + 1. What is the hundreds digit of 10288/18 + (-24)/(-54) + a?
5
What is the tens digit of 1/(-2) - 94840/(-16)?
2
Suppose k + 4*r = -5223 + 18219, 52010 = 4*k + 3*r. What is the hundreds digit of k?
0
Suppose -23*n + 864584 = 13*n + 20*n. What is the tens digit of n?
3
Suppose -4*m + 11096 = 3*d, 5*d = -0*m + 5*m + 18505. What is the tens digit of d?
0
Let a(u) = 4*u**2 + 16*u - 30. Let g be a(10). Let t = 981 - g. Suppose -4*q + 366 = -2*z, -4*z = -0*q + 5*q - t. What is the tens digit of q?
9
Suppose 5*y - 8*y - 27 = 0. Let i(u) = 0 + 2 - 7*u - 3 - 5*u. What is the tens digit of i(y)?
0
Suppose 2*j - 3*b - 1 = -6, 2*j - 35 = -5*b. Suppose 4690 = j*x - 2*c, 3*x + c = 4*x - 938. What is the units digit of x?
8
Suppose 8*p - 6*p = 5*h + 5640, 5*p = -4*h + 14034. What is the thousands digit of p?
2
Suppose -p + 65 = 12*p. Suppose -2*j + 3*j = -3*x + 328, -p*j + 2*x = -1708. What is the units digit of j?
0
Suppose 4*d = -20, -5*u + 3*u = -5*d + 45. Let v(o) = o**3 + 4*o**2 + 2*o + 1. Let j be v(-4). What is the units digit of j/u + 548/10?
5
Let g = 4 + 1. Suppose -2*m - g*m + 7 = 0. What is the units digit of (-50)/4*6/(-3)*m?
5
Let b = 28383 + -16232. What is the hundreds digit of b?
1
Let k = 15 - -101. Let r = k + -108. What is the hundreds digit of 1058/r + (87/(-12) - -7)?
1
Let y = -20876 - -41380. Suppose -27*u = -5*u - y. What is the hundreds digit of u?
9
Suppose 139 + 11 = -3*c. Suppose v = 2*d + 7 + 163, -2*d = -2. Let m = v + c. What is the tens digit of m?
2
Suppose 7*m = 4*a + 6*m + 21, 0 = -3*a - 4*m + 8. Let n(g) = -15*g**3 - 7*g**2 - g + 7. What is the hundreds digit of n(a)?
8
Suppose 0 = -4*u - 11 + 175. Let c = -49 + u. What is the units digit of (-484)/(-28) - c/(-28)?
7
Let y = -16866 + 33592. What is the units digit of y?
6
Suppose -619304 = -53*n - 64*n + 993658. What is the hundreds digit of n?
7
Let a(b) = b + 1. Let w(l) = 12*l - 13. Let o(q) = 5*a(q) - w(q). Let x be o(4). What is the units digit of (-744)/x + -5 - 6/(-10)?
0
Let h(s) = 21*s - 3. Suppose 4*j - 10*j + 30 = 0. What is the tens digit of h(j)?
0
What is the tens digit of 21863 - 22 - 9 - 22?
1
Let v(x) = -x + 30. Let y be v(33). Let u(r) = 4*r**2 - 5*r + 7. Let f(l) = 5*l**2 - 4*l + 6. Let h(s) = 7*f(s) - 6*u(s). What is the tens digit of h(y)?
9
Let p(s) = 164*s**2 - 12*s + 13. Let q be p(1). What is the tens digit of (-12)/22 + 87375/q?
2
Suppose -16*m - 17*m + 370688 = -214600. What is the thousands digit of m?
7
What is the tens digit of (145712/(-98))/((-10)/35)?
0
Let j = -214 - -251. Suppose -105 = j*b - 40*b. What is the units digit of b?
5
What is the ten thousands digit of ((-364)/(-112) + 1 + -1)*(-23352)/(-7)?
1
Let p be (1 + 7)/(-4) + 3 - -70. Let g = p - 55. Suppose m - 2*m = -g. What is the tens digit of m?
1
Let g = 2646 + -2041. What is the units digit of g?
5
Suppose 3*i - 7*a - 36751 + 8195 = 0, -i + 9522 = a. What is the tens digit of i?
2
Suppose 2*d - 6446 = -4*a, -10*a - 16130 = -5*d - 5*a. What is the hundreds digit of d?
2
Suppose 10590*q - 10575*q - 635520 = 0. What is the thousands digit of q?
2
Let q(u) = 2258*u**2 - 5*u + 4. What is the thousands digit of q(2)?
9
Let x(t) = -15*t**3 + t**2 - 2*t + 2. Let l be x(1). Let d be (0 + (-1)/4)*392/l. Suppose -8*h + d*h + 158 = 0. What is the hundreds digit of h?
1
Suppose 28*o = 31*o - 12. Let f be (-6 + o)*2/(-4) + 87. Suppose 0 = -83*s + f*s - 815. What is the units digit of s?
3
Suppose 34*z - 9*z - 21275 = 0. Suppose 13*a - 10*a = 4*g + 640, -3*g = -4*a + z. What is the units digit of a?
2
What is the units digit of (19 - 8) + 10694 - -5?
0
Suppose 3*n = 5*c + 76374, -49*n = -44*n - 2*c - 127271. What is the tens digit of n?
5
What is the tens digit of (-30)/6*(15 + -9 + (-89904)/20)?
4
Let k be 3/(((-7)/(-14))/((-1)/(-2))). Suppose 4*a - 388 = k*a. What is the tens digit of a?
8
Let d = -114 + 181. Let q = d + 229. What is the tens digit of q?
9
Let q be (-7)/(2/(-1)*5/730). Suppose -d = 3*r - q, 0 = r - 2*r + 5*d + 181. What is the tens digit of r?
7
Let n = -3787 + 2082. Let t = n + 2508. What is the units digit of t?
3
Let b(l) = -8*l - 36. Let c = -60 + 56. Let w be b(c). What is the tens digit of ((4/2)/w)/(13/(-1534))?
5
Suppose -18*a = 22*a + 1120. What is the units digit of a/6*(38 + -47)?
2
Suppose -5*s - 3*c = -9814, -9822 = -5*s - 0*c + c. What is the thousands digit of s?
1
Let m(u) = -u**2 - 12*u. Let n be m(-12). What is the thousands digit of (-11 + 11 - 5)*(-349 - n)?
1
Suppose 20721*p + 1611552 = 20753*p. What is the thousands digit of p?
0
Suppose 3*n = w + 63, -4*n - 4*w - w + 65 = 0. Suppose -13 = -7*h - n. What is the tens digit of (-2 - -131)/(h - 42/(-24))?
7
Let a(g) be the second derivative of g**5/10 - 5*g**4/6 - 2*g**3 + 6*g**2 - 89*g - 2. What is the hundreds digit of a(8)?
3
Let o(c) = -6*c**2 + 106*c + 12. Let m be o(18). Suppose 686 = 5*v + 156. Let r = m + v. What is the units digit of r?
2
Suppose 25*j - 21*j = 440. Let z = 276 - j. What is the tens digit of z?
6
Suppose -b + 24*b = -129543 + 358945. What is the tens digit of b?
7
Suppose 0 = 67*l - 38*l - 597197. What is the thousands digit of l?
0
Let p(z) = -z**3 + 14*z**2 + 15*z + 12. Let x be p(17). Let v = 1360 + x. What is the hundreds digit of v?
7
Suppose 0 = -12*m + 18*m - 72. Suppose -m*j + 750 = -9*j. What is the tens digit of j?
5
Let t(o) = o**3 + 21*o**2 - 2*o + 15. Let x(l) = 4*l - 9. Suppose 0 = 2*k + 9 - 3. Let u be x(k). What is the tens digit of t(u)?
5
Let m = -21123 + 53387. What is the hundreds digit of m?
2
Let w(p) = 3*p**2 - 19*p + 144. What is the thousands digit of w(33)?
2
Let m = -40073 + 89981. What is the tens digit of m?
0
Suppose 2*x = a + 48622, 2*x - 48646 = -2*a + 7*a. What is the thousands digit of x?
4
What is the units digit of -3 + 18263 + 6 + -27?
9
What is the tens digit of ((-195496)/252)/((-16)/72)?
9
Let y be (62/3)/(-5 + 548/108). Let x = y + 6. What is the units digit of x?
5
Let t = 0 - -5. Suppose z = -t*z - 12. Let v(y) = -15*y - 4. What is the tens digit of v(z)?
2
Let w be ((-15)/4)/(162/(-216)). Suppose 8*l - w*l = -a + 491, 3*l - 1955 = -4*a. What is the units digit of a?
8
Suppose 0 = -p + 23 + 90. Let s = -402 + 413. Let q = s + p. What is the units digit of q?
4
Let c be (((-315)/(-6))/(-5))/(3/(-4)). Suppose c*v + 104 = 18*v. What is the units digit of v?
6
Suppose 9*c - 2*c + 806 = 17109. What is the hundreds digit of c?
3
Let d = 71 - 168. Let z = d - -105. Suppose 0 = z*k - 632 - 360. What is the hundreds digit of k?
1
Suppose -2*x - 5*m + 76082 + 46730 = 0, -5*x + 306943 = -2*m. What is the thousands digit of x?
1
Suppose 9*n = 2*u + 47568 + 10988, -6505 = -n - u. What is the hundreds digit of n?
5
Let l(m) = 2*m**3 + 2*m**2 + m. Let f be l(6). Let t = 700 - 698. Suppose -f = -4*j - t*j. What is the tens digit of j?
8
Let u = 3503 + -1562. What is the units digit of u?
1
Let y(w) = 4*w**2 - 40*w + 3342. What is the thousands digit of y(45)?
9
Suppose 35*n + 323305 - 1159898 = 892722. What is the thousands digit of n?
9
Let a(s) = 10*s**2 - 111*s - 1. Let z be a(11). Let t(m) = 2*m**2 + 3*m - 19. What is the tens digit of t(z)?
3
Let g be (-22)/(-4) + 0 + (-1)/(-2). Suppose -g*v = 33 - 285. What is the tens digit of v?
4
Suppose 5*v - 44 = -19. Suppose -v*k = -a - 176, 0 = a - 3*a - k - 374. Let d = a - -261. What is the tens digit of d?
7
Suppose 0 = c + 221 - 1431. Suppose 0 = 6*m - 8*m + c. Suppose -f = -3*i - 2*i + m, -5*i + 2*f + 605 = 0. What is the units